remainder when 2080 is divided by 934?
212
Calculate the remainder when 6938 is divided by 2309.
11
What is the remainder when 4555 is divided by 434?
215
What is the remainder when 74608 is divided by 301?
261
Calculate the remainder when 11441 is divided by 659.
238
Calculate the remainder when 890 is divided by 35.
15
Calculate the remainder when 56409 is divided by 308.
45
Calculate the remainder when 2162 is divided by 501.
158
What is the remainder when 6627466 is divided by 94?
90
What is the remainder when 340840 is divided by 7?
3
Calculate the remainder when 52698 is divided by 85.
83
What is the remainder when 1226 is divided by 380?
86
Calculate the remainder when 17798 is divided by 307.
299
What is the remainder when 8683 is divided by 189?
178
What is the remainder when 5597 is divided by 250?
97
Calculate the remainder when 22259 is divided by 297.
281
Calculate the remainder when 85004 is divided by 21.
17
Calculate the remainder when 1096729 is divided by 299.
296
What is the remainder when 559 is divided by 550?
9
Calculate the remainder when 19418 is divided by 373.
22
What is the remainder when 11318 is divided by 72?
14
Calculate the remainder when 8403 is divided by 2801.
0
What is the remainder when 25294 is divided by 79?
14
Calculate the remainder when 718335 is divided by 128.
127
What is the remainder when 520 is divided by 5?
0
What is the remainder when 7238 is divided by 887?
142
Calculate the remainder when 9315 is divided by 11.
9
What is the remainder when 4430 is divided by 1100?
30
Calculate the remainder when 5915 is divided by 735.
35
Calculate the remainder when 2494 is divided by 593.
122
Calculate the remainder when 20336 is divided by 2870.
246
What is the remainder when 1439 is divided by 454?
77
Calculate the remainder when 8276 is divided by 878.
374
Calculate the remainder when 10659 is divided by 2120.
59
Calculate the remainder when 130646 is divided by 74.
36
What is the remainder when 12323 is divided by 245?
73
Calculate the remainder when 3458 is divided by 3410.
48
What is the remainder when 67188 is divided by 22384?
36
What is the remainder when 1628 is divided by 43?
37
What is the remainder when 2107 is divided by 1040?
27
What is the remainder when 42335 is divided by 14085?
80
What is the remainder when 3642 is divided by 1024?
570
What is the remainder when 1611 is divided by 284?
191
What is the remainder when 21269 is divided by 27?
20
Calculate the remainder when 1435997 is divided by 399.
395
Calculate the remainder when 59837 is divided by 521.
443
What is the remainder when 8410 is divided by 4158?
94
Calculate the remainder when 2997 is divided by 206.
113
What is the remainder when 504242 is divided by 1847?
11
What is the remainder when 3055 is divided by 34?
29
Calculate the remainder when 8177 is divided by 2575.
452
What is the remainder when 46686 is divided by 36?
30
What is the remainder when 93429 is divided by 18640?
229
Calculate the remainder when 37332 is divided by 287.
22
What is the remainder when 82292 is divided by 74?
4
Calculate the remainder when 48418 is divided by 532.
6
What is the remainder when 59 is divided by 22?
15
What is the remainder when 189515 is divided by 51?
50
Calculate the remainder when 508 is divided by 30.
28
Calculate the remainder when 13375 is divided by 6424.
527
Calculate the remainder when 1130 is divided by 207.
95
Calculate the remainder when 64108 is divided by 21369.
1
What is the remainder when 2115920 is divided by 100758?
2
What is the remainder when 22483 is divided by 70?
13
What is the remainder when 2351 is divided by 83?
27
Calculate the remainder when 16292 is divided by 1655.
1397
What is the remainder when 80770 is divided by 59?
58
Calculate the remainder when 357 is divided by 117.
6
Calculate the remainder when 3212 is divided by 15.
2
What is the remainder when 26305 is divided by 100?
5
Calculate the remainder when 51925 is divided by 33.
16
What is the remainder when 132564 is divided by 245?
19
Calculate the remainder when 27435 is divided by 1523.
21
What is the remainder when 9458 is divided by 2019?
1382
Calculate the remainder when 544349 is divided by 20936.
13
Calculate the remainder when 85482 is divided by 658.
600
What is the remainder when 14234 is divided by 1194?
1100
Calculate the remainder when 5168 is divided by 353.
226
What is the remainder when 52054 is divided by 359?
358
What is the remainder when 12319 is divided by 396?
43
What is the remainder when 5719 is divided by 61?
46
What is the remainder when 76764 is divided by 5898?
90
Calculate the remainder when 111553 is divided by 2594.
11
Calculate the remainder when 1144 is divided by 36.
28
What is the remainder when 8019 is divided by 856?
315
Calculate the remainder when 25500 is divided by 8495.
15
What is the remainder when 14829 is divided by 1061?
1036
Calculate the remainder when 95537 is divided by 3821.
12
What is the remainder when 7849 is divided by 51?
46
Calculate the remainder when 16179 is divided by 8.
3
Calculate the remainder when 29774 is divided by 709.
705
Calculate the remainder when 21057695 is divided by 66.
65
What is the remainder when 13213 is divided by 56?
53
Calculate the remainder when 154687 is divided by 499.
496
What is the remainder when 1639 is divided by 245?
169
What is the remainder when 40289 is divided by 40281?
8
Calculate the remainder when 2650 is divided by 327.
34
Calculate the remainder when 178226 is divided by 35642.
16
What is the remainder when 4217875 is divided by 2108937?
1
What is the remainder when 60730 is divided by 60724?
6
What is the remainder when 2575 is divided by 73?
20
Calculate the remainder when 3567 is divided by 83.
81
Calculate the remainder when 1937 is divided by 659.
619
Calculate the remainder when 5303 is divided by 77.
67
Calculate the remainder when 2849 is divided by 221.
197
What is the remainder when 91662 is divided by 367?
279
Calculate the remainder when 35297 is divided by 227.
112
What is the remainder when 14394 is divided by 30?
24
Calculate the remainder when 1943 is divided by 456.
119
Calculate the remainder when 1583593 is divided by 38.
19
Calculate the remainder when 1240 is divided by 1179.
61
Calculate the remainder when 38898 is divided by 11.
2
Calculate the remainder when 416735 is divided by 23.
21
What is the remainder when 72525 is divided by 287?
201
Calculate the remainder when 10037 is divided by 2497.
49
What is the remainder when 13495 is divided by 180?
175
Calculate the remainder when 1204 is divided by 612.
592
What is the remainder when 3746719 is divided by 7?
4
What is the remainder when 550429 is divided by 412?
409
Calculate the remainder when 14364 is divided by 3583.
32
What is the remainder when 827 is divided by 290?
247
What is the remainder when 593 is divided by 9?
8
Calculate the remainder when 30574 is divided by 10190.
4
Calculate the remainder when 49 is divided by 46.
3
What is the remainder when 213536 is divided by 17?
16
Calculate the remainder when 595984 is divided by 51.
49
Calculate the remainder when 17693 is divided by 46.
29
What is the remainder when 23898 is divided by 7951?
45
What is the remainder when 276 is divided by 145?
131
Calculate the remainder when 749 is divided by 125.
124
What is the remainder when 4793 is divided by 972?
905
What is the remainder when 657912 is divided by 12652?
8
What is the remainder when 118 is divided by 62?
56
Calculate the remainder when 1501 is divided by 495.
16
What is the remainder when 4305 is divided by 430?
5
Calculate the remainder when 180136 is divided by 19.
16
Calculate the remainder when 2737 is divided by 2466.
271
What is the remainder when 18426 is divided by 4576?
122
Calculate the remainder when 15257 is divided by 31.
5
Calculate the remainder when 122403 is divided by 15298.
19
Calculate the remainder when 184459 is divided by 361.
349
Calculate the remainder when 730847 is divided by 2.
1
Calculate the remainder when 1164 is divided by 101.
53
Calculate the remainder when 3257 is divided by 309.
167
What is the remainder when 834460 is divided by 19?
18
Calculate the remainder when 1113 is divided by 162.
141
What is the remainder when 2